g. Let s be 2/(-11) - (-27)/(-33). Let b be t(s). Calculate the greatest common divisor of b and 144.
16
Let j be 1/(-2) - 62/(-4). Let y be (1/2)/((-2)/(-20)). Suppose 4*m = 2*v - 0*m - 206, -y*v + 2*m + 523 = 0. Calculate the highest common factor of j and v.
15
Suppose -n - 1 = -29. Let s be (3/6)/(2/12). Suppose 0 = -v - s*j + 61, v + 341 = 6*v + 3*j. Calculate the highest common divisor of v and n.
14
Let q(l) = -2*l**3 - 8*l**2 + 4*l + 6. Let j be q(-6). Calculate the greatest common factor of j and 14.
14
Let x(c) = c**3 - 8*c**2 + c + 10. Let q be x(8). Let p = 18 + 18. What is the greatest common divisor of q and p?
18
Let x = 916 + -627. Calculate the highest common divisor of x and 17.
17
Let a(w) = -w**3 - 6*w**2 - 9*w + 7. Let j be a(-7). Suppose -4*c + 102 = -10. Suppose 0 = -h + c - 11. What is the highest common factor of j and h?
17
Let m(d) = -6*d - 7. Let w be m(-2). Calculate the greatest common divisor of w and 45.
5
Suppose 51*g - 528 = 49*g. Calculate the greatest common divisor of 24 and g.
24
Let q(t) = -t**2 + 33*t - 126. Let l be q(19). Let k = -14 - -34. What is the greatest common factor of k and l?
20
Let b be (-9 - -13)/(2/6). Let t be b/(-8)*6/(-3). Let m(g) = g**3 - 4*g + 3. Let o be m(2). What is the greatest common factor of o and t?
3
Suppose -8*p = -5*p + 12771. Let v be 2/(-11) + p/(-121). Calculate the highest common factor of 7 and v.
7
Suppose -4*c = c - 2*f - 142, -f = 5*c - 139. What is the greatest common divisor of c and 4?
4
Let v be 10*(0 - (-45)/6). Suppose -b = -0*b - v. Suppose -5*s + 213 = 4*c - 135, 0 = -s + c + b. Calculate the highest common divisor of s and 8.
8
Suppose 2*b - 297 = -b. Let z = b + -47. Calculate the highest common factor of 13 and z.
13
Let f be (-128)/(-3) - (-2)/6. Let j = f + -27. Calculate the highest common divisor of 176 and j.
16
Let f(b) = -b. Let k be f(-18). What is the greatest common divisor of 162 and k?
18
Suppose -2*h - 23 = -3*h. Suppose -4*g - m = -h, -4 = -2*g + 2*m - 0*m. Suppose 12 = -g*f + 52. What is the greatest common divisor of f and 88?
8
Let v(c) = 42*c - 2. Let n be v(3). Suppose -n = -g + 62. Suppose -3*w - 81 = -4*w - 3*p, 0 = 2*w - 2*p - g. What is the highest common factor of 10 and w?
10
Suppose 4*c = -i + 55, 4*c - 3*i = i + 40. Suppose -o + 0*o + 26 = 0. Let h be (7 + -1*2)*o. What is the highest common factor of h and c?
13
Let x(a) = -8*a - 10 + 9*a - 44*a. Let q be x(-4). Calculate the greatest common factor of q and 18.
18
Let r = -26 + 40. Suppose j + 15 = 3*v, -4*v + 11 = 3. Let u = r + j. Calculate the greatest common divisor of u and 5.
5
Suppose -t - 59 + 458 = 4*y, -5*t - 328 = -3*y. Suppose -29 - y = -5*q + 5*d, 0 = 5*q + d - 142. What is the greatest common divisor of q and 28?
28
Let l(d) be the third derivative of d**5/15 - d**4/8 + 8*d**2. Let b be l(6). What is the highest common divisor of b and 14?
14
Let w(r) = -23*r + 8*r - 30*r - 3. Suppose z - 6 = 3*z - 5*o, -2*z = 2*o + 6. Let x be w(z). What is the greatest common divisor of x and 12?
12
Suppose -4 = -5*z + 61. What is the highest common divisor of z and 52?
13
Let o be -76*(10/4)/(-5). Let k = 55 - o. Calculate the highest common divisor of k and 34.
17
Suppose -10*x = -13*x + 33. Calculate the greatest common divisor of 44 and x.
11
Let f(b) = b**2 + 7*b + 2. Let i be f(-7). Suppose 4*h + i = -2. Let g be h/((-2)/48*2). What is the greatest common divisor of 30 and g?
6
Let w(r) = 2*r**3 - r**2 - r - 4. Let h be w(3). Suppose h + 27 = z. Suppose -15 - 11 = -2*q. Calculate the greatest common factor of z and q.
13
Suppose -2*n = 3*g - 113, -g + 5*n = 2*g - 85. What is the greatest common divisor of 7 and g?
7
Let u = 13 - 7. Suppose 0 = -2*o + u - 0. Calculate the highest common factor of 1 and o.
1
Suppose 3*t = -4*z - 0*z + 122, 0 = -5*t - z + 192. What is the highest common factor of t and 152?
38
Let w(j) = j**2 + 9*j - 7. Let z be w(-10). Suppose 19 - 85 = -z*l. What is the greatest common divisor of l and 242?
22
Let d be (78/(-8))/((-2)/(-8)). Let w = d + 59. Let a(j) = j**2 - j + 5. Let p be a(0). What is the greatest common divisor of w and p?
5
Let g = 2 + 19. Suppose -2*u + 13 - 1 = -2*x, -x = -4*u + g. What is the highest common factor of u and 25?
5
Let q be 1 - 28/(4 + -6). Suppose -3 = -i + 2. Calculate the greatest common factor of i and q.
5
Let m(r) = -10*r + 1. Let p be m(-2). Calculate the highest common divisor of p and 3.
3
Let z(b) = -8*b - 7. Let x be z(-2). Suppose 7*l - x*l = -8. What is the greatest common divisor of 20 and l?
4
Let a(r) = r + 3. Let z be 1 + -1 - 7/1. Let p = z - -11. Let y be a(p). Calculate the highest common factor of 21 and y.
7
Let o = 4 + 18. Let p be (15/6)/(4/8). Suppose 0 = -b - 4*d + 7, p*b - 52 = -0*b - 3*d. Calculate the greatest common factor of o and b.
11
Let q = 31 - 4. Let d = 13 - 10. Calculate the highest common divisor of q and d.
3
Suppose -5*v = 4*x - 13, -x - 5 = -v + 3. Let z be x*4/6 - -15. What is the highest common factor of 26 and z?
13
Let v(r) = r**3 - 2*r**2 + 8*r + 6. Let u be v(6). Let x be u/8 - 1/(-4). What is the highest common factor of x and 5?
5
Suppose 80 = 83*h - 82*h. Calculate the highest common divisor of h and 5.
5
Suppose -5*g + 32 = -28. What is the highest common factor of g and 18?
6
Let a = -8 + 59. What is the highest common divisor of 68 and a?
17
Suppose 0 = -p + 3*p - 4. Suppose -p*v = 69 - 279. Calculate the highest common divisor of 15 and v.
15
Suppose -5*t = 3 - 303. What is the greatest common divisor of 40 and t?
20
Suppose n + 6 - 41 = 0. What is the greatest common factor of n and 14?
7
Let l = -11 + 10. Let q be ((-1)/(2/36))/l. Calculate the highest common divisor of q and 144.
18
Let t(n) = -n**3 + 3*n**2 + 4*n + 3. Let a be t(-4). What is the greatest common factor of a and 11?
11
Suppose 5*s = -3*z + 1384, 2*z - 1302 + 196 = -4*s. Suppose 0 = -4*l + 3*n + 85, -n = -3*l - 2*n + 80. Calculate the highest common divisor of s and l.
25
Suppose 13*q = 12*q + 40. Suppose 8*f - 4*f - 36 = -5*c, -5*c - f + 39 = 0. Calculate the greatest common divisor of c and q.
8
Suppose -2*i - 26 = -5*z + 27, i = -2*z + 14. Calculate the highest common divisor of z and 9.
9
Suppose -45 + 8 = -2*o - 3*z, 5*z = -3*o + 55. Let p be 36/(-1 + o/8). Calculate the greatest common factor of 36 and p.
12
Let d(r) = -r**2 - 9*r - 2. Let z be d(-8). What is the highest common factor of 66 and z?
6
Let g be 34/((-2)/1)*-11. Let p be (-8)/12 + 53/3. What is the greatest common factor of g and p?
17
Suppose -2*v = 4*v - 96. What is the highest common factor of v and 8?
8
Let r = 11 - 11. Suppose r = -5*z - 5*h + 105, -h = 3*z - z - 47. Calculate the highest common factor of 65 and z.
13
Let h(n) = 7*n - 8. Let p(z) = -22*z + 23. Let o(w) = -11*h(w) - 4*p(w). Let d be o(4). What is the highest common divisor of 5 and d?
5
Suppose 2*g = -0*g - 8. Suppose -5*j - 12 = 5*b + 18, -3*j = -2*b + 8. Let d be (-4)/4 + g/b. Calculate the greatest common factor of d and 8.
1
Let z be (-6)/9 + 64/6. Suppose -3*d + z + 23 = 0. Suppose -g = -3*g + 154. Calculate the highest common divisor of d and g.
11
Let h be (-5)/(-1)*24/20. Let p(y) = 0 + 3 - 5 + 6*y + y**2. Let f be p(h). Calculate the greatest common divisor of f and 10.
10
Let g = -316 + 550. What is the greatest common factor of g and 26?
26
Let i = -38 + 63. Suppose -2*v - 3*s = 2*s - i, 0 = -v + s + 9. Let l be 24/(-14)*105/(-2). Calculate the highest common factor of l and v.
10
Suppose 5*v + 5*l = -415, 0*l + 439 = -5*v + 3*l. Let u = v - -51. Let m = -7 - u. What is the highest common divisor of 70 and m?
14
Suppose -5*b - 2*x = -330, 4*b + 0*b + 5*x - 281 = 0. Let u be (-234)/(-63) - 2/(-7) - -4. Calculate the highest common factor of b and u.
8
Let l = -11 + 33. Suppose -o = -2*p - 36 - 25, -4*p = 12. Calculate the highest common factor of o and l.
11
Let g = 2 + 1. Suppose f - 11 = g*z, -1 + 26 = 5*f. Let r be ((-1)/2)/(z/76). Calculate the highest common divisor of r and 38.
19
Suppose 0*a + 5*y - 9 = -2*a, 4*a - 7 = y. Let w = -2 - -12. Calculate the greatest common divisor of w and a.
2
Let v(q) = q**2 - 4*q. Let s be v(4). Suppose -2*t = -4*x + 210, 3*x + 3*t - 158 - 13 = s. What is the greatest common divisor of x and 9?
9
Let 